 factors of s.
2, 5
Let g = -36 - -68. Suppose 24*n = 26*n + 44. Let u = g + n. List the prime factors of u.
2, 5
Let a(p) = 3*p**2 - 2*p. Let b be a(3). Suppose -2*z + b = 1. What are the prime factors of ((-16)/(-40))/(2/z)?
2
Suppose 0*h - h = -106. Suppose 0 = 5*g - h - 54. Let w = g - 22. List the prime factors of w.
2, 5
Let f = -11 + 3. List the prime factors of (-204)/f + (-2)/(-4).
2, 13
Let n = 13 - 53. Let b = n - -65. List the prime factors of b.
5
Let z = 1 - -1. Suppose -s - z*s + 18 = 0. Let o = s - -5. List the prime factors of o.
11
Let m be (4/(-6))/((-4)/36). Let i(n) = 0*n**2 - n**2 + m + 0*n + n - n**3. What are the prime factors of i(0)?
2, 3
Let t be -3*(3/1 + -1). Let s be ((-60)/8)/(t/(-8)). What are the prime factors of -6*(s/(-4))/(-5)?
3
Let s be ((-63)/(-12))/((-3)/(-8)). Suppose 0 = -3*a + 10 + s. List the prime factors of a.
2
Let n(u) = -u**2 + 7*u - 9. Let q be n(4). Suppose -d - 51 = -4*w - 4*d, d = q*w - 22. What are the prime factors of w?
3
Suppose 0*g = 3*g - 192. Let m be g/(-28) - (-2)/7. List the prime factors of 0 - -11*(m - -3).
11
Let a = 124 - 110. What are the prime factors of a?
2, 7
Suppose -6*c + 1408 - 88 = 0. List the prime factors of c.
2, 5, 11
Suppose -3*t = -4*t + 2. Suppose -4*b = -t - 58. List the prime factors of b.
3, 5
Suppose 5*w - 17 = 378. Suppose -5*p - b = -0*b - 77, 0 = -5*p - 2*b + w. List the prime factors of p.
3, 5
Let b(v) = 7*v**3 - v**2 + v + 1. Let k be b(-1). Let t = -4 - k. What are the prime factors of t?
2
Let z be -14 - ((-3)/3 + 1). Let c be 25/(-2) - 7/z. Let n = 17 + c. What are the prime factors of n?
5
Suppose 0 = 5*l - 5*i - 35, 0*l = 2*l - i - 12. Suppose 5*q = 3*q + 3*y + 53, -4*y - 122 = -l*q. What are the prime factors of q?
2, 11
Let a(m) be the third derivative of 1/4*m**4 + 1/3*m**3 + 2*m**2 + 0*m - 1/120*m**6 - 1/30*m**5 + 0. List the prime factors of a(-4).
2, 5
Let z(v) be the second derivative of 6*v**2 - 3*v + 1/6*v**3 + 0. List the prime factors of z(-8).
2
Let l(w) = 3*w**2 + 52*w - 14. What are the prime factors of l(-18)?
2, 11
List the prime factors of (-5988)/(-30) + (-4)/(-10).
2, 5
Let j = 16 + -13. Suppose -5*v + j*g + 70 = 0, -4*v = -3*v - 3*g - 14. List the prime factors of v.
2, 7
What are the prime factors of 1 + (-2 - -22*1)?
3, 7
Suppose -208 = -5*m - 18. Suppose 0 = -2*j - 2 + m. What are the prime factors of j?
2, 3
Let x(l) = -l. Let s be x(0). Let z(p) = p**2 + 2*p + 16. List the prime factors of z(s).
2
Suppose 6 = -3*f, 5*f = 3*y - y - 10. Suppose -4*o = -y*g - 3*g - 95, -5*o + g = -127. List the prime factors of o.
2, 13
Let y(f) = 2*f**2 - 2*f**2 + 2*f**2 - 4*f + 2 - f**3. Let l be y(2). Let v(s) = -s - 2. List the prime factors of v(l).
2
What are the prime factors of 75 + (-3 - (-1)/1)?
73
List the prime factors of (28/10 + 3)*5.
29
Let x be (18/(-10))/(48/(-160)). Suppose -x*z + 3*r + 9 = -2*z, r = -2*z + 17. What are the prime factors of z?
2, 3
Suppose -3*i - 2*u + 8 = -17, 4*i - u - 15 = 0. Suppose 3 = 4*d - d, -124 = -3*k + i*d. What are the prime factors of k?
43
Suppose 3*o + 0*o = -2*j + 6, 3*j - 9 = 4*o. Suppose -10 = -j*i - 2*x, 0*i + 2*x = 2*i - 10. List the prime factors of i.
2
Suppose 145 = 2*p + i, -2*p + p = -4*i - 68. List the prime factors of p.
2, 3
What are the prime factors of -1 - -10 - 2/1?
7
Suppose -3*b = 15, -4*b - 21 = -o + 4. Suppose 0*d - 3*d + 44 = 2*j, j + o*d = 36. What are the prime factors of j?
2
Let v be (-396)/14 + 2/7. Let g be (-8)/v + (-80)/(-14). Suppose 4*y - 2*x - 36 = g, -3*y + 5*x = -49. What are the prime factors of y?
2
Suppose 0 = 3*n - 9, -4*o + 58 = 4*n - 70. What are the prime factors of o?
29
Let a = -16 + 34. List the prime factors of a.
2, 3
Let n(s) = 4*s - 24. Let r be n(7). Suppose 0 = -0*k - 4*k + 8. Suppose u = k*u - r. What are the prime factors of u?
2
Suppose -2*g - q = g - 47, -12 = 3*q. What are the prime factors of g?
17
Let q(m) = 3*m**2 + 2*m + 1. Let u be q(-1). Suppose 2*h = 4*i - u, -3*h + 3 - 6 = 3*i. Suppose i = 5*t - 4 - 16. What are the prime factors of t?
2
Let u(q) = 1 + 3 + 1 - 2 - q. Suppose 2*h + t + 18 = 0, -4 = -3*h - 4*t - 41. What are the prime factors of u(h)?
2, 5
Suppose 3*g - g = 0. Suppose m - s - 8 = g, -5*m = -3*s - 29 - 17. List the prime factors of m.
11
Let c be (-2 - -1) + 2 + 35. Suppose 0 = -3*v + v + c. What are the prime factors of v?
2, 3
Let r = -7 - -5. Suppose 0 = -5*t + 3*q - 25, 3*q - 2 = 3*t + 19. What are the prime factors of 9 + (8/r)/t?
11
Let w(x) = x**2 + 19*x + 10. What are the prime factors of w(-25)?
2, 5
Let s(q) = -q + 4. Let k be s(2). Suppose 2*x - 36 = -2*a, k*x + 16 = 6*x. What are the prime factors of a?
2, 7
Suppose -3*o + 1100 = 7*o. What are the prime factors of o?
2, 5, 11
Suppose -3*q - f = -6*q + 14, -22 = q + 5*f. Suppose z - 20 = -q*z. What are the prime factors of z?
5
List the prime factors of (-78)/351 + (1 - 839/(-9)).
2, 47
Suppose -5*g - 3*k = -15, 6 = 4*g + k - 6. What are the prime factors of 59 + (24/4 - g)?
2, 31
Let c be ((-658)/(-21))/(2/(-3)). Let v = -10 - c. What are the prime factors of v?
37
Suppose 40 = -9*q + 10*q. List the prime factors of q.
2, 5
Suppose 38 = 4*g + 10. List the prime factors of g.
7
Let p = 108 - -133. List the prime factors of p.
241
Suppose -3*f + 8 = -2*f. Let w be (0 + 3)/(6/10). Let v = w + f. List the prime factors of v.
13
Let p(m) = 53*m**2 + m - 2. List the prime factors of p(1).
2, 13
Suppose -2*c + 112 = 5*n, 40 = n - 3*c - c. List the prime factors of n.
2, 3
Let r(y) be the first derivative of -7/3*y**3 - 7*y + y**2 - 2 + 1/4*y**4. List the prime factors of r(7).
7
Let z = 46 + -39. What are the prime factors of z?
7
List the prime factors of 12/(-16) - (-155)/4.
2, 19
Let d(p) = p + 8. Let t be d(0). Let g = t + -5. Suppose -11 = -j + g*m, 1 = -2*m - 1. What are the prime factors of j?
2
Let w(l) = l**2 - l - 14. Let q be w(-6). Let i = -9 + q. What are the prime factors of i?
19
Suppose -4*y = -4*c - 152, 4*y - 176 = -0*c - 2*c. What are the prime factors of y?
2, 3, 7
List the prime factors of 49/(-7)*(-1)/1.
7
Suppose -2*l - 27 = l. Let x(d) = 2*d**2 - 11 - d**2 - 2*d**2 - 11*d + 0*d**2. List the prime factors of x(l).
7
Let j(p) = -p + 5. Let m(s) = s**3 + 5*s**2 + 2*s + 5. Let o be m(-5). List the prime factors of j(o).
2, 5
Let v = 329 + -235. What are the prime factors of v?
2, 47
Let c = -25 + 43. Let o be (c/(-12))/((-2)/(-4)). Let t = o - -12. List the prime factors of t.
3
Let c(x) = -3*x - 13. What are the prime factors of c(-6)?
5
List the prime factors of (-510)/(-25) + 6/10.
3, 7
Let c = -22 - 36. List the prime factors of (c/(-8))/(2/8).
29
Let t be ((-15)/9)/(1/(-6)). Let g = t + -8. List the prime factors of g.
2
Let q = -28 - -45. List the prime factors of q.
17
Suppose -2*p - 2440 = -12*p. What are the prime factors of p?
2, 61
What are the prime factors of (185/5)/((-1)/(-1))?
37
Let p(w) = 3*w**2 + w + 1. Let m be p(-3). Suppose -v - t = -m, 4*v = -5*t - 27 + 126. What are the prime factors of v?
2, 13
Suppose 2*j + 4 = 14. Suppose 3*u + 4*v = 23, -2*u - 2*v - 11 = -j*u. What are the prime factors of u?
5
What are the prime factors of (12/(-3) + 0)/1 + 137?
7, 19
Suppose -5*f + 5*n - 7 - 18 = 0, 2*f + 2*n = 2. Suppose d = -10 + 2. Let v = f - d. What are the prime factors of v?
2, 3
Let t(f) = -f**2 + 1. Let g be t(-1). Suppose -2 = -v - g*v. Suppose 0 = 3*r - v*r - 6. What are the prime factors of r?
2, 3
Suppose -2*m + 6*m = 220. Suppose -y - m = -6*y. List the prime factors of y.
11
Let n(l) = l - 1. Let o(w) = -w**2 - 2*w + 4. Let f(m) = -3*n(m) - o(m). Let h = -3 + 1. List the prime factors of f(h).
5
Let o(q) = -q**2 + 0*q**3 + 11 - q**3 + 2*q**2. Suppose 5*v = 4*v. What are the prime factors of o(v)?
11
Let s(d) = 40*d + 13. What are the prime factors of s(2)?
3, 31
Suppose -3*s - 3*x = -x + 2, -5*x + 45 = -5*s. List the prime factors of 1 + (4 - (s + 0)).
3
Let k = -94 - -58. Suppose -5*r - w = 95, -4*r - 36 = w + 40. Let q = r - k. What are the prime factors of q?
17
Let g(j) = -j**3 - 5*j**2 - 4*j - 3. Let y be g(-4). List the prime factors of (-16)/y*(-6)/(-4).
2
Let n = 133 - -5. What are the prime factors of n?
2, 3, 23
What are the prime factors of 78/2 + (-3)/(-3)?
2, 5
Let t(c) = -c**3 - 4*c**2. Let x be 